v + 616372 = 71*v. Is v a prime number?
False
Suppose -142*j + 21851591 = -11455503. Is j a composite number?
True
Let f(l) = -63*l**2 - 10*l + 10. Let a be f(4). Let h = -581 - a. Is h composite?
False
Suppose -23*h = -39047 + 1603. Suppose -89*l + h = -85*l. Is l composite?
True
Let i be (-3)/(-4)*(-1)/((-12)/32). Suppose -i*c + 11 = 11. Suppose u - v + c*v = 339, -5*u + 1683 = v. Is u a composite number?
False
Let f be -7*1/(-7) - (1 + 0). Suppose f = 90*d - 88*d - 9110. Is d a prime number?
False
Suppose 6*m - 4*m = 6. Let o = -498 + 498. Suppose o*j + m*j - 879 = 0. Is j composite?
False
Let f(t) = t**2 - 2*t - 6. Let l be f(5). Suppose 0 = -4*z + 2*c + 14 + 8, l = -2*z - 3*c. Is 0 + 1 - (z - -207)/(-2) composite?
True
Suppose -6*z = 5*i - 143, z + 2*z + 16 = i. Suppose i*s - 20*s - 196495 = 0. Is s prime?
False
Suppose -o - 1409 = -t, -8*t + 4*t - 3*o = -5608. Let p = -486 + t. Is p composite?
False
Let j(q) be the first derivative of -7*q + 7 - 23/2*q**2. Is j(-10) composite?
False
Suppose 0 = -4*c + 5*t + 528896, -396675 = -3*c + 60*t - 57*t. Is c prime?
True
Suppose 4*v + 2*g = 643880, -19*g - 804865 = -5*v - 24*g. Is v prime?
True
Suppose 11800769 - 23297855 = -616*k + 46359482. Is k prime?
True
Suppose -198781062 + 30261641 = -92*o + 72139423. Is o a composite number?
False
Suppose -4 = 4*a, 12457 + 22287 = m - 5*a. Is m a composite number?
False
Let i = 192 - 62. Let f = 75 + i. Let l = 474 + f. Is l composite?
True
Let n be 12/8 - 370/4. Let c = -89 - n. Suppose 3*l = c*o + 7*l - 3962, 3*o - 4*l - 5903 = 0. Is o a prime number?
True
Let h(t) = -t + 1. Let a(l) = -2670*l + l**3 - 4*l**2 + 24*l**2 + 2688*l + 6 - 34. Let w(v) = a(v) + 5*h(v). Is w(-15) composite?
False
Let x = -329 - -331. Suppose 4*b - x*j = 6*b - 3140, 0 = -5*b - 3*j + 7844. Is b prime?
True
Suppose g + 438 = 440. Let l(h) = 3580*h + 59. Is l(g) composite?
False
Is -15 - (-11 + (14 - 37171)) a prime number?
False
Let p = -24 + 26. Suppose 2*i = 3*l - 17 + 1, p*i = -4. Suppose -4923 = -l*o + 8897. Is o a composite number?
True
Suppose -2*h + 1215 = z - 1444, h = -2*z + 1325. Let x = -744 + h. Is x composite?
False
Let m(t) = 2*t**2 + 27*t + 83. Let k be m(-9). Suppose 4*w = -4*d + 1154 + 11846, 2*w + k = 0. Is d a composite number?
False
Let s = 141232 - -87001. Is s a prime number?
True
Suppose -953 = 6*x + 133. Let m = 2739 - 4071. Let s = x - m. Is s a composite number?
False
Let j(f) = -22109*f**3 + 5*f**2 + 2*f + 2. Is j(-1) a prime number?
False
Is 4/(-22) - 3601854/(-198) prime?
True
Is ((3 - 1) + (-1092865)/(-10))*(-2)/(-3) a composite number?
False
Suppose 8*h + 6*h - 47*h = -1069563. Is h a prime number?
True
Suppose 0 = -34*p + 2*p + 1700480. Suppose p = 15*f + 5*f. Is f prime?
True
Is 24/9 - 3 - ((-5324392)/12 - 2) composite?
False
Suppose -5*y + r = -17, -3*y + 2*r + 18 = 12. Suppose -3725 - 5759 = -y*g. Is g prime?
True
Let g be -3929 - (0 + -4 - -3). Let s(m) = 3989*m + 1. Let j be s(-2). Let i = g - j. Is i a prime number?
True
Let r be ((-192)/60)/(-16) + 61/(-5). Is (-2)/r - ((-56890)/(-12))/(-1) prime?
False
Let c be 6 - (5 - (5 + -4)). Suppose 0 = -c*z + k + 93612, 5*z + 13*k = 9*k + 234043. Is z prime?
True
Let w be ((-96)/30)/8 - (-24)/10. Is w/(((-10)/(-3247))/5) a prime number?
False
Let o(j) = j**3 - j**2 + 1. Let z(d) = -33*d**3 - 4*d**2 - 3*d + 8. Let b(w) = 2*o(w) - z(w). Let c be b(-3). Let y = c - -1361. Is y a composite number?
False
Suppose -26*h = -45*h + 822111. Is h a composite number?
True
Let b be (-2)/((0 - -2)/20*4). Let u(v) = 29*v**3 + 8*v**2 + 4*v + 1. Let r be u(b). Let c = 5077 + r. Is c composite?
True
Suppose 64*z = 2000875 - 616491. Is z a prime number?
False
Let w(r) = -455*r - 436. Is w(-9) composite?
False
Let f = -16818 - -35047. Is f composite?
False
Suppose -x + 911856 = 3*x - 784052. Is x prime?
True
Let f = 23895 - 15902. Is f composite?
False
Let y(l) be the first derivative of -18 - 1/4*l**4 - 2*l - 7/3*l**3 - 7/2*l**2. Is y(-9) composite?
False
Let j = 199190 + -128767. Is j a prime number?
True
Let m(h) be the third derivative of h**6/120 - 3*h**5/20 - h**4/8 + 19*h**3/6 + 46*h**2. Let r(l) = 2*l**2 - 4*l + 4. Let i be r(3). Is m(i) composite?
False
Suppose -8*g - 1416 = -4*g. Let f = -717 - -1658. Let c = f + g. Is c composite?
False
Is ((-2)/(-3)*2)/(8845102/1474179 - 6) a prime number?
True
Let o(j) = -j**3 - 6*j**2 + j + 7. Let q be o(-6). Let f(i) = 31*i**2 - q - 12*i**2 - 3*i + 115*i**2. Is f(-2) prime?
True
Let c(g) = 93*g + 14. Suppose 16 = 72*q - 68*q. Let h be c(q). Let o = h - -569. Is o composite?
True
Let p(x) be the second derivative of 5*x**4/12 - x**3/6 - 19*x**2/2 - 65*x. Is p(21) prime?
False
Suppose 0*v = 4*v. Suppose 3*h + 4*c + 4 = 3, v = 5*h + 5*c. Suppose t - h = -0*t, -2*f + 247 = 5*t. Is f prime?
False
Let b(s) = -3*s**2 - 5*s + 13. Let y be b(2). Let z(l) = -305*l - 4. Is z(y) a prime number?
True
Suppose -395*b + 2784305 = -390*b. Is b a prime number?
True
Let j = -294 - -332. Suppose -j*m + 36*m + 502 = 0. Is m prime?
True
Suppose -25*u + 38733 = 6808. Let b = -34 + u. Is b composite?
True
Let o(q) = 174*q**2 + 32*q - 11. Let u be (18*(-6)/(-63))/((-20)/(-70)). Is o(u) a prime number?
False
Suppose -272*r + 2236856 = -264*r. Is r a composite number?
False
Let f = 86 + -71. Let z(a) = 12*a - a**3 + 2*a**2 - 51 + f*a**2 + 58. Is z(17) a prime number?
True
Suppose 24362 = -5*c + 2*c - 5*l, 0 = -4*c - 5*l - 32486. Let g = -503 - c. Is g composite?
False
Let y be 15/(-10) - (-6)/(-4). Let t be -4 - (-14 + y/(-1)). Suppose -p - 1074 = -t*p. Is p a composite number?
False
Suppose 17 + 38 = 5*s. Let y(l) = 15*l**2 - 10*l**2 + 5 + s*l**2 - 5*l. Is y(-8) prime?
True
Let w(c) = -2*c**2 - 49*c - 24. Let r be w(-24). Suppose 4*i + 3*i - 8491 = r. Is i a prime number?
True
Let b be 764 - 5*(-4)/(-20) - 1. Let v be ((-2)/(-6))/((-10)/(-15270)). Let c = b - v. Is c a composite number?
True
Let l = -81 - -53. Let j be (-112525)/l - 3/(-12). Suppose -423 + j = 4*m. Is m prime?
False
Suppose 0 = 4*k - 5*h + 3, 3*k + 5*h = 24. Suppose w + 1124 = 6*w - 3*i, -k = i. Is w composite?
False
Let j = 16204 + -7028. Suppose -4*t + 909 = -b + j, 3*t = -2*b + 16589. Is b prime?
True
Suppose -40*q + 43*q + 303 = 0. Let b = q + 169. Suppose -7*g + 9291 + b = 0. Is g a composite number?
True
Let a = 185 - 164. Suppose -5*h + 268 = -72. Suppose h + a = z. Is z a composite number?
False
Suppose 6*p = 24, 3*x - 5*p - 351830 = 659099. Is x composite?
False
Let n(h) = -2*h**2 + 2. Let g be n(-1). Suppose 4*y = -g*y + 1676. Suppose 31*q = 32*q - y. Is q a prime number?
True
Let c be ((-96)/80)/(4/10). Let p be 4 + c + 1 + 0. Suppose -4*i - p*m = -5030, 0 = -3*i + 4*m + m + 3792. Is i a composite number?
False
Let w = 1 + -12. Let c(z) = -82*z**2 - 2*z - 6. Let o be c(w). Is 3/12 + o/(-24) a prime number?
False
Is 13/(39/(-382))*7485/(-10) a composite number?
True
Suppose -8*v + 259030 = -81426. Is v a composite number?
False
Suppose 4*o + 4*h = 1296, 0 = -5*o + 2*h + h + 1644. Let x = o - 485. Let i = 316 + x. Is i prime?
False
Let z(h) be the second derivative of 3544*h**3/3 - 9*h**2/2 + 5*h + 13. Is z(4) composite?
True
Suppose -y + 3*s = 9, -5*y + 5*s - 15 + 10 = 0. Suppose 0 = b - y, 0 = -3*x + 2*b + 2455 + 7700. Is x composite?
True
Let h(w) = -16 + 41*w + 854*w + 40 - 162*w. Is h(7) composite?
True
Let v be -50 + 55 - ((-8)/(-2) - 1). Is -6 + v - (-1012)/(20/5) a composite number?
True
Suppose 255177 = z + v, -z + 2*v = -41836 - 213329. Is z a composite number?
False
Suppose -4*t + 4*d = -2 + 6, -d = 0. Is 652/(-16)*(t - 3) a composite number?
False
Let k(q) = 31*q**2 + 4*q - 19. Let n(x) = -1. Let j(c) = -15*c**2 - 2*c + 13. Let a(g) = -j(g) - 4*n(g). Let f(d) = 9*a(d) - 4*k(d). Is f(4) a composite number?
False
Let x = 253385 + -131064. Is x composite?
False
Let i = -214779 - -434542. Is i composite?
False
Let v(n) = -73*n**3 + n**2 + 7*n - 28. Let b be v(4). Let j = b + 11177. Is j prime?
True
Suppose -25 + 13 = -3*o. Suppose 5*c = o*a - 1365, 2*c = 2*a - 6*a + 1330. Let l = -124 + a. Is l a composite number?
False
Suppose -3475 = -18*v - 541. Suppose 0 = -g - 3, t + 5*g = v + 81. Is t prime?
False
Let l = -33 - -21. Let z be (-9)/l - 45/12. Is 0 - (1846 + z)*-1 a composite number?
True
Is -22846*-1*(-5)/